-4)). Suppose -3*j + 271 = -5*w, -y*j - 2*w + 462 = j. Calculate the remainder when j is divided by 19.
16
Let s(r) = -15*r + 12 + 2*r + 10*r. What is the remainder when 105 is divided by s(-5)?
24
Let a(c) = 10*c**2 + 31*c + 105. What is the remainder when a(-4) is divided by 132?
9
Let v = 109 + -28. Suppose -v = -5*h - 16. Calculate the remainder when 38 is divided by h.
12
Suppose 9576 = -15*i + 91*i. What is the remainder when 2015 is divided by i?
125
Let o be ((-16)/(-10))/(1/50). Let g(d) = 126*d**2. Let i be g(-1). Let c = i - o. Calculate the remainder when c is divided by 24.
22
Suppose a - 4*u = 5, 5*u + 8 = a + 4*u. What is the remainder when 341 is divided by a?
8
Suppose -5*c + 2*c + 31 = 2*k, 0 = -5*k - 3*c + 64. Let p = 29 - k. Calculate the remainder when p is divided by 11.
7
Let a = -10 - -17. Calculate the remainder when ((-32)/(-6))/((-2)/(-18)) is divided by a.
6
Let y(r) = 7*r + 148. Calculate the remainder when y(13) is divided by 16.
15
Let k = 49 + -28. Calculate the remainder when 55 is divided by k*(-2)/(-9)*3.
13
Suppose 0 = -2*d - 2*u + 1186, -3*u + 277 = d - 308. What is the remainder when d is divided by 50?
47
Suppose -948 = -5*u - u. Let g = 100 + -59. What is the remainder when u is divided by g?
35
Let l(m) = -2*m**2 + 7*m + 5. Let b be 0 + (6 - (3 - 1)). Let i be l(b). Suppose r - i = 3*o + 38, 0 = o + 3. What is the remainder when r is divided by 16?
14
Suppose -3*m - 9*g = -12*g - 231, -5*g - 10 = 0. Calculate the remainder when m is divided by 22.
9
Suppose 13 = 2*b - 129. Calculate the remainder when b is divided by 23.
2
Let n(l) = 0 - l**3 + 1 + 1 - 10*l**2. Calculate the remainder when 4/6 - 95/(-15) is divided by n(-10).
1
Let b be (-6)/15 + 42/5. Let d = b - 1. Calculate the remainder when -1 + -6 + 8/2 + 30 is divided by d.
6
Suppose -4*w - 30 = 54. Let d be ((-16)/6)/(2/w). Calculate the remainder when -1 + (-1)/((-1)/d) is divided by 6.
3
Let b(j) = j**3 - 63*j**2 + 182*j - 74. Calculate the remainder when 201 is divided by b(60).
17
Suppose -2*s = -s - 4*r - 59, 0 = -5*s - 4*r + 247. What is the remainder when s/(-2)*(-4 - -2) is divided by 26?
25
Suppose 92 = 5*o + p - 5*p, 3*o - p - 58 = 0. Calculate the remainder when ((-190)/o)/((-2)/4) is divided by 7.
5
Let m(o) = -2*o**3 + 12*o**2 + 2*o + 17. Calculate the remainder when 518 is divided by m(6).
25
Let n(i) = -22*i + 159. What is the remainder when 27 is divided by n(7)?
2
Let c(v) = 5*v**3 + 7*v**2 - 4*v**3 + 15*v + 9 - 7*v. Let r be c(-6). Let x(l) = -18*l - 4. Calculate the remainder when x(r) is divided by 13.
11
Suppose 5*o + 72 = 327. Calculate the remainder when 354 is divided by o.
48
Suppose -34 = 3*x - 5*x. Suppose 41*m - 46*m = -305. What is the remainder when m is divided by x?
10
Let f(b) = 3*b**2 + 21*b + 63. Calculate the remainder when 340 is divided by f(-4).
16
Suppose 2*i - 818 = -4*m, -3*m = -0*i - 3*i + 1272. What is the remainder when i is divided by 20?
19
Let t = 332 + -306. What is the remainder when t is divided by 17?
9
Let q be 46/((4/6)/1). Suppose 6 + q = 5*n. Suppose -2*v + 39 = b, 0 = -5*b - 4*v + 155 + 10. Calculate the remainder when b is divided by n.
14
Let u = -91 + 56. Let x = 73 + u. Suppose 0 = -4*y + x + 18. Calculate the remainder when 25 is divided by y.
11
Let n(l) be the first derivative of 7*l**2/2 + 2*l + 10. Calculate the remainder when 35 is divided by n(1).
8
Calculate the remainder when 52 is divided by -28*(1/(-2) + -16 + 15).
10
Let f = -9 - -14. Suppose -5*c + 4*x + 157 = f*x, -4*x + 101 = 3*c. What is the remainder when 122 is divided by c?
29
Suppose 5*q = 2325 - 1725. Calculate the remainder when q is divided by 14.
8
Let s = -66 + 208. Calculate the remainder when s is divided by 33.
10
Suppose 2*w = -2*b + 21 + 17, -b = 3*w - 59. Calculate the remainder when 185 is divided by w.
5
Let i(f) = -10*f - 11. Calculate the remainder when 193 is divided by i(-6).
46
Let z(i) = 14*i**2 + 2*i + 71. What is the remainder when z(-4) is divided by 72?
71
Let m(p) = 7*p + 7. Let i be m(7). Let n = i + -29. What is the remainder when 49 is divided by n?
22
Let f = -79 - -71. Let u(w) = 2*w**2 + 7*w - 3. Calculate the remainder when u(f) is divided by 19.
12
Let w be ((-6)/4)/((-3)/(-4)). Let u be (w - 0) + (-6 - -8). Suppose -5*c + 0*c + 90 = u. Calculate the remainder when 53 is divided by c.
17
Suppose -2*h + 63 = 7*h. Let b(n) = 26*n**2. Suppose -2 = q - 3*q. Calculate the remainder when b(q) is divided by h.
5
Let m(s) = 16*s**2 + 37*s + 201. What is the remainder when m(-7) is divided by 27?
24
What is the remainder when 99 is divided by (-1)/9*-2 - 2670/(-135)?
19
Suppose 6*i - 5*i = 5*j - 245, -3*i = -5*j + 235. What is the remainder when j is divided by 13?
11
Suppose 0 = -k + 8*z - 5*z - 2, 0 = k + 2*z - 23. What is the remainder when k is divided by 6?
1
Suppose -15*k + 17*k - 60 = 0. Calculate the remainder when 178 is divided by k.
28
Suppose 3*h - 30 = 3*y, -4*y = -2*h + 1 + 27. Suppose -2*u = -2*w + 25 + 3, -4 = u. Calculate the remainder when w is divided by h.
4
Suppose -8*t + 3*t + 75 = 0. Let x be 4 + (9/(-3) - 1). Suppose h + x*h - 41 = -b, -b - 2 = 0. What is the remainder when h is divided by t?
13
Let h = 32 + -19. Let u be (-4)/12 + h/3. Suppose u*y = -35 + 175. What is the remainder when y is divided by 9?
8
Suppose -5*z + 195 = 5*f, 0 = -2*f + 7*f - z - 219. Calculate the remainder when (2/(-3))/((-2)/642) is divided by f.
42
Suppose -12 = 3*c, -5*c + 628 = -0*n + 4*n. Suppose p = 3*m - 4, 2*m - m = -5*p + 28. Suppose -p*t + n = 17. What is the remainder when 55 is divided by t?
26
Calculate the remainder when 30/(-18)*(-1008)/40 is divided by (0 + -2 + 3)*15.
12
Let y(w) = -3*w**2 + 37*w - 44. Let o(q) = 5*q**2 - 56*q + 66. Let s(z) = -5*o(z) - 8*y(z). Calculate the remainder when s(-13) is divided by 16.
13
Let y = 77 - 77. Suppose -5*s - s + 54 = y. Calculate the remainder when 24 is divided by s.
6
Suppose 4*p - 3*d = 31, 2*p - 4*d - 5 = d. Calculate the remainder when 88 is divided by p.
8
Suppose -2*b + 38 = -5*a, -14*a + 136 = 4*b - 9*a. What is the remainder when (-2)/((-1*3)/123) is divided by b?
24
Let b be (-2)/7 - (-16)/7. Suppose b*s + 2*l + 7 = s, 3*s - 4*l - 29 = 0. What is the remainder when ((-2)/s)/(10/(-45)) is divided by 2?
1
Let i = -6 + 11. Suppose -2*l = -2*s - 16, i = -s + 3. Calculate the remainder when 29 is divided by l/(-2 - 57/(-24)).
13
What is the remainder when 3562/4 + (-10)/20 is divided by 11?
10
Let j be -1 - (-60)/(-10)*(-1 + 0). Calculate the remainder when ((-165)/10 + j)*-2 is divided by 8.
7
Suppose -39 = a + 3*t, -2*a - 88 = -12*t + 8*t. Let j = a - -58. Calculate the remainder when (47/4)/((-2)/(-8)) is divided by j.
15
Let c be 2 + -2 + 1 + 4. Suppose -46 = -4*j + 46. Suppose m - c = j. What is the remainder when m is divided by 10?
8
Let r(z) = 3*z**2 - 5*z - 2. Suppose -4*f + 8*f = 24. Let n be r(f). Suppose -3*b + 8 = -n. What is the remainder when b is divided by 16?
12
Let q(l) = l - 6. Let k be q(9). Suppose -3*z = -i - 0*z + 15, k*z + 9 = 0. Suppose -154 + 9 = -5*m. Calculate the remainder when m is divided by i.
5
Suppose -56*u = -64*u + 192. What is the remainder when 41 is divided by u?
17
Let r(n) = -n**2 - 5*n - 2. Let l be r(-3). Suppose -293 = -l*s + 123. What is the remainder when s is divided by 15?
14
Let d(l) = -2*l + 24. Suppose 3*z = 6*z. What is the remainder when 40 is divided by d(z)?
16
Let u(f) = f**3 - 5*f**2 - 7*f + 3. Let g be u(6). Let s = 3 - g. Suppose 0 = -41*i + 38*i + 24. What is the remainder when i is divided by s?
2
Suppose t + t - 378 = 0. Let b = -104 + t. Let f = b + -61. Calculate the remainder when 46 is divided by f.
22
Suppose -4*q + 222 = -578. Suppose 48*y + q = 53*y. What is the remainder when y is divided by 16?
8
Let o(m) = 4*m**3 + 8*m**2 + 2*m + 1. Let r(y) = 3*y**3 + 7*y**2 + 2*y - 1. Let s(k) = -2*o(k) + 3*r(k). Calculate the remainder when 8 is divided by s(-4).
2
Suppose 0 = 6*h - h. Suppose h = -2*p + 13 + 105. What is the remainder when p is divided by 12?
11
Suppose 16*q - 202 = -5*x + 15*q, -5*q - 15 = 0. Calculate the remainder when 151 is divided by x.
28
Let m = 39 + -33. Suppose -2*t = -3*l - 86, -3*l = -m*t + 3*t + 123. What is the remainder when 71 is divid